{"id":354,"date":"2015-01-20T19:04:57","date_gmt":"2015-01-20T18:04:57","guid":{"rendered":"http:\/\/semesterstuga.de\/?page_id=354"},"modified":"2015-01-20T19:25:19","modified_gmt":"2015-01-20T18:25:19","slug":"haftungsausschluss-disclaimer","status":"publish","type":"page","link":"http:\/\/semesterstuga.de\/?page_id=354","title":{"rendered":"Haftungsausschluss (Disclaimer)"},"content":{"rendered":"<p><strong>Haftung f\u00fcr Inhalte<\/strong><br \/>\nAls Diensteanbieter sind wir gem\u00e4\u00df \u00a7 7 Abs.1 TMG f\u00fcr eigene Inhalte auf diesen Seiten nach den allgemeinen Gesetzen verantwortlich. Nach \u00a7\u00a7 8 bis 10 TMG sind wir als Diensteanbieter jedoch nicht verpflichtet, \u00fcbermittelte oder gespeicherte fremde Informationen zu \u00fcberwachen oder nach Umst\u00e4nden zu forschen, die auf eine rechtswidrige T\u00e4tigkeit hinweisen. Verpflichtungen zur Entfernung oder Sperrung der Nutzung von Informationen nach den allgemeinen Gesetzen bleiben hiervon unber\u00fchrt. Eine diesbez\u00fcgliche Haftung ist jedoch erst ab dem Zeitpunkt der Kenntnis einer konkreten Rechtsverletzung m\u00f6glich. Bei Bekanntwerden von entsprechenden Rechtsverletzungen werden wir diese Inhalte umgehend entfernen.<\/p>\n<p>Die Inhalte dieser Website werden mit gr\u00f6\u00dftm\u00f6glicher Sorgfalt erstellt. Der Anbieter \u00fcbernimmt jedoch keine Gew\u00e4hr f\u00fcr die Richtigkeit, Vollst\u00e4ndigkeit und Aktualit\u00e4t der bereitgestellten Inhalte. Die Nutzung der Inhalte der Website erfolgt auf eigene Gefahr des Nutzers. Namentlich gekennzeichnete Beitr\u00e4ge geben die Meinung des jeweiligen Autors und nicht immer die Meinung des Anbieters wieder. Mit der reinen Nutzung der Website des Anbieters kommt keinerlei Vertragsverh\u00e4ltnis zwischen dem Nutzer und dem Anbieter zustande.<\/p>\n<p>Im Falle von Domainstreitigkeiten, eventuellen Verst\u00f6ssen gegen das TDG oder den MDStV oder bei wettbewerbsrechtlichen oder \u00e4hnlichen Problemen bitte ich Sie, mich zur Vermeidung unn\u00f6tiger Rechtsstreitigkeiten und Kosten bereits im Vorfeld zu kontaktieren (Kontaktdaten s.o.).<br \/>\nIch beabsichtige nicht, mich mit einer eventuellen Unkorrektheit gegen geltendes Recht durchzusetzen.<\/p>\n<p>Ich erkl\u00e4re hiermit ausdr\u00fccklich meine Kooperationsbereitschaft und dass ich alle erforderlichen Ma\u00dfnahmen zur Beseitigung eines etwaigen Mangels ergreifen werde.<\/p>\n<p>Die Kostennote einer anwaltlichen Abmahnung &#8211; ohne vorhergehende Kontaktaufnahme &#8211; wird daher im Sinne der Schadensminderungspflicht (\u00a7 254, 2 BGB) als unbegr\u00fcndet zur\u00fcckgewiesen.<\/p>\n<p><strong>Haftung f\u00fcr Links<\/strong><br \/>\nUnser Angebot enth\u00e4lt Links zu externen Webseiten Dritter, auf deren Inhalte wir keinen Einfluss haben. Deshalb k\u00f6nnen wir f\u00fcr diese fremden Inhalte auch keine Gew\u00e4hr \u00fcbernehmen. F\u00fcr die Inhalte der verlinkten Seiten ist stets der jeweilige Anbieter oder Betreiber der Seiten verantwortlich. Die verlinkten Seiten wurden zum Zeitpunkt der Verlinkung auf m\u00f6gliche Rechtsverst\u00f6\u00dfe \u00fcberpr\u00fcft. Rechtswidrige Inhalte waren zum Zeitpunkt der Verlinkung nicht erkennbar. Eine permanente inhaltliche Kontrolle der verlinkten Seiten ist jedoch ohne konkrete Anhaltspunkte einer Rechtsverletzung nicht zumutbar. Bei Bekanntwerden von Rechtsverletzungen werden wir derartige Links umgehend entfernen.<\/p>\n<p>Die Darstellung dieser Website in fremden Frames ist nur mit schriftlicher Erlaubnis zul\u00e4ssig.<\/p>\n<p><strong>Urheberrecht<\/strong><br \/>\nDie durch die Seitenbetreiber erstellten Inhalte und Werke auf diesen Seiten unterliegen dem deutschen Urheberrecht. Die Vervielf\u00e4ltigung, Bearbeitung, Verbreitung und jede Art der Verwertung au\u00dferhalb der Grenzen des Urheberrechtes bed\u00fcrfen der schriftlichen Zustimmung des jeweiligen Autors bzw. Erstellers. Downloads und Kopien dieser Seite sind nur f\u00fcr den privaten, nicht kommerziellen Gebrauch gestattet. Soweit die Inhalte auf dieser Seite nicht vom Betreiber erstellt wurden, werden die Urheberrechte Dritter beachtet. Insbesondere werden Inhalte Dritter als solche gekennzeichnet. Sollten Sie trotzdem auf eine Urheberrechtsverletzung aufmerksam werden, bitten wir um einen entsprechenden Hinweis. Bei Bekanntwerden von Rechtsverletzungen werden wir derartige Inhalte umgehend entfernen.<\/p>\n<p>Quellen: <em><a title=\"Juraforum.de\" href=\"http:\/\/Juraforum.de\" target=\"_blank\">Juraforum.de<\/a> und <a title=\"e-recht24.de\" href=\"http:\/\/e-recht24.de\" target=\"_blank\">e-recht24.de<\/a><\/em><\/p>\n","protected":false},"excerpt":{"rendered":"<p>Haftung f\u00fcr Inhalte Als Diensteanbieter sind wir gem\u00e4\u00df \u00a7 7 Abs.1 TMG f\u00fcr eigene Inhalte auf diesen Seiten nach den allgemeinen Gesetzen verantwortlich. Nach \u00a7\u00a7 8 bis 10 TMG sind wir als Diensteanbieter jedoch nicht verpflichtet, \u00fcbermittelte oder gespeicherte fremde Informationen zu \u00fcberwachen oder nach Umst\u00e4nden zu forschen, die auf eine rechtswidrige T\u00e4tigkeit hinweisen. Verpflichtungen&hellip;<\/p>\n","protected":false},"author":1,"featured_media":0,"parent":0,"menu_order":0,"comment_status":"closed","ping_status":"closed","template":"","meta":{"footnotes":""},"class_list":["post-354","page","type-page","status-publish","hentry"],"yoast_head":"<!-- This site is optimized with the Yoast SEO plugin v26.6 - https:\/\/yoast.com\/wordpress\/plugins\/seo\/ -->\n<title>Haftungsausschluss (Disclaimer) - Semester i Sverige<\/title>\n<meta name=\"robots\" content=\"index, follow, max-snippet:-1, max-image-preview:large, max-video-preview:-1\" \/>\n<link rel=\"canonical\" href=\"http:\/\/semesterstuga.de\/?page_id=354\" \/>\n<meta property=\"og:locale\" content=\"de_DE\" \/>\n<meta property=\"og:type\" content=\"article\" \/>\n<meta property=\"og:title\" content=\"Haftungsausschluss (Disclaimer) - Semester i Sverige\" \/>\n<meta property=\"og:description\" content=\"Haftung f\u00fcr Inhalte Als Diensteanbieter sind wir gem\u00e4\u00df \u00a7 7 Abs.1 TMG f\u00fcr eigene Inhalte auf diesen Seiten nach den allgemeinen Gesetzen verantwortlich. Nach \u00a7\u00a7 8 bis 10 TMG sind wir als Diensteanbieter jedoch nicht verpflichtet, \u00fcbermittelte oder gespeicherte fremde Informationen zu \u00fcberwachen oder nach Umst\u00e4nden zu forschen, die auf eine rechtswidrige T\u00e4tigkeit hinweisen. Verpflichtungen&hellip;\" \/>\n<meta property=\"og:url\" content=\"http:\/\/semesterstuga.de\/?page_id=354\" \/>\n<meta property=\"og:site_name\" content=\"Semester i Sverige\" \/>\n<meta property=\"article:publisher\" content=\"http:\/\/facebook.se\/semesterstuga\" \/>\n<meta property=\"article:modified_time\" content=\"2015-01-20T18:25:19+00:00\" \/>\n<meta name=\"twitter:label1\" content=\"Gesch\u00e4tzte Lesezeit\" \/>\n\t<meta name=\"twitter:data1\" content=\"2\u00a0Minuten\" \/>\n<script type=\"application\/ld+json\" class=\"yoast-schema-graph\">{\"@context\":\"https:\/\/schema.org\",\"@graph\":[{\"@type\":\"WebPage\",\"@id\":\"http:\/\/semesterstuga.de\/?page_id=354\",\"url\":\"http:\/\/semesterstuga.de\/?page_id=354\",\"name\":\"Haftungsausschluss (Disclaimer) - Semester i Sverige\",\"isPartOf\":{\"@id\":\"http:\/\/semesterstuga.de\/#website\"},\"datePublished\":\"2015-01-20T18:04:57+00:00\",\"dateModified\":\"2015-01-20T18:25:19+00:00\",\"breadcrumb\":{\"@id\":\"http:\/\/semesterstuga.de\/?page_id=354#breadcrumb\"},\"inLanguage\":\"de\",\"potentialAction\":[{\"@type\":\"ReadAction\",\"target\":[\"http:\/\/semesterstuga.de\/?page_id=354\"]}]},{\"@type\":\"BreadcrumbList\",\"@id\":\"http:\/\/semesterstuga.de\/?page_id=354#breadcrumb\",\"itemListElement\":[{\"@type\":\"ListItem\",\"position\":1,\"name\":\"Home\",\"item\":\"http:\/\/semesterstuga.de\/\"},{\"@type\":\"ListItem\",\"position\":2,\"name\":\"Haftungsausschluss (Disclaimer)\"}]},{\"@type\":\"WebSite\",\"@id\":\"http:\/\/semesterstuga.de\/#website\",\"url\":\"http:\/\/semesterstuga.de\/\",\"name\":\"Semester i Sverige\",\"description\":\"Urlaub in Schweden\",\"potentialAction\":[{\"@type\":\"SearchAction\",\"target\":{\"@type\":\"EntryPoint\",\"urlTemplate\":\"http:\/\/semesterstuga.de\/?s={search_term_string}\"},\"query-input\":{\"@type\":\"PropertyValueSpecification\",\"valueRequired\":true,\"valueName\":\"search_term_string\"}}],\"inLanguage\":\"de\"}]}<\/script>\n<!-- \/ Yoast SEO plugin. -->","yoast_head_json":{"title":"Haftungsausschluss (Disclaimer) - Semester i Sverige","robots":{"index":"index","follow":"follow","max-snippet":"max-snippet:-1","max-image-preview":"max-image-preview:large","max-video-preview":"max-video-preview:-1"},"canonical":"http:\/\/semesterstuga.de\/?page_id=354","og_locale":"de_DE","og_type":"article","og_title":"Haftungsausschluss (Disclaimer) - Semester i Sverige","og_description":"Haftung f\u00fcr Inhalte Als Diensteanbieter sind wir gem\u00e4\u00df \u00a7 7 Abs.1 TMG f\u00fcr eigene Inhalte auf diesen Seiten nach den allgemeinen Gesetzen verantwortlich. Nach \u00a7\u00a7 8 bis 10 TMG sind wir als Diensteanbieter jedoch nicht verpflichtet, \u00fcbermittelte oder gespeicherte fremde Informationen zu \u00fcberwachen oder nach Umst\u00e4nden zu forschen, die auf eine rechtswidrige T\u00e4tigkeit hinweisen. Verpflichtungen&hellip;","og_url":"http:\/\/semesterstuga.de\/?page_id=354","og_site_name":"Semester i Sverige","article_publisher":"http:\/\/facebook.se\/semesterstuga","article_modified_time":"2015-01-20T18:25:19+00:00","twitter_misc":{"Gesch\u00e4tzte Lesezeit":"2\u00a0Minuten"},"schema":{"@context":"https:\/\/schema.org","@graph":[{"@type":"WebPage","@id":"http:\/\/semesterstuga.de\/?page_id=354","url":"http:\/\/semesterstuga.de\/?page_id=354","name":"Haftungsausschluss (Disclaimer) - Semester i Sverige","isPartOf":{"@id":"http:\/\/semesterstuga.de\/#website"},"datePublished":"2015-01-20T18:04:57+00:00","dateModified":"2015-01-20T18:25:19+00:00","breadcrumb":{"@id":"http:\/\/semesterstuga.de\/?page_id=354#breadcrumb"},"inLanguage":"de","potentialAction":[{"@type":"ReadAction","target":["http:\/\/semesterstuga.de\/?page_id=354"]}]},{"@type":"BreadcrumbList","@id":"http:\/\/semesterstuga.de\/?page_id=354#breadcrumb","itemListElement":[{"@type":"ListItem","position":1,"name":"Home","item":"http:\/\/semesterstuga.de\/"},{"@type":"ListItem","position":2,"name":"Haftungsausschluss (Disclaimer)"}]},{"@type":"WebSite","@id":"http:\/\/semesterstuga.de\/#website","url":"http:\/\/semesterstuga.de\/","name":"Semester i Sverige","description":"Urlaub in Schweden","potentialAction":[{"@type":"SearchAction","target":{"@type":"EntryPoint","urlTemplate":"http:\/\/semesterstuga.de\/?s={search_term_string}"},"query-input":{"@type":"PropertyValueSpecification","valueRequired":true,"valueName":"search_term_string"}}],"inLanguage":"de"}]}},"_links":{"self":[{"href":"http:\/\/semesterstuga.de\/index.php?rest_route=\/wp\/v2\/pages\/354","targetHints":{"allow":["GET"]}}],"collection":[{"href":"http:\/\/semesterstuga.de\/index.php?rest_route=\/wp\/v2\/pages"}],"about":[{"href":"http:\/\/semesterstuga.de\/index.php?rest_route=\/wp\/v2\/types\/page"}],"author":[{"embeddable":true,"href":"http:\/\/semesterstuga.de\/index.php?rest_route=\/wp\/v2\/users\/1"}],"replies":[{"embeddable":true,"href":"http:\/\/semesterstuga.de\/index.php?rest_route=%2Fwp%2Fv2%2Fcomments&post=354"}],"version-history":[{"count":5,"href":"http:\/\/semesterstuga.de\/index.php?rest_route=\/wp\/v2\/pages\/354\/revisions"}],"predecessor-version":[{"id":366,"href":"http:\/\/semesterstuga.de\/index.php?rest_route=\/wp\/v2\/pages\/354\/revisions\/366"}],"wp:attachment":[{"href":"http:\/\/semesterstuga.de\/index.php?rest_route=%2Fwp%2Fv2%2Fmedia&parent=354"}],"curies":[{"name":"wp","href":"https:\/\/api.w.org\/{rel}","templated":true}]}}